 and 7832.
11
What is the greatest common divisor of 223 and 3814192?
223
Calculate the highest common divisor of 4860 and 354.
6
Calculate the highest common factor of 1344 and 25032.
168
Calculate the highest common factor of 6588 and 5612.
244
What is the greatest common factor of 315 and 710?
5
Calculate the greatest common factor of 77 and 42592.
11
Calculate the greatest common factor of 18002 and 14.
2
Calculate the highest common divisor of 349 and 17.
1
What is the greatest common divisor of 207 and 8763?
69
What is the highest common factor of 281359 and 16744?
299
What is the highest common factor of 19 and 9747?
19
What is the greatest common factor of 22509 and 84501?
369
What is the greatest common factor of 5890 and 7695?
95
What is the greatest common divisor of 2093 and 101920?
91
Calculate the highest common divisor of 285 and 1675.
5
Calculate the greatest common divisor of 968 and 840.
8
What is the highest common factor of 3003975 and 9295?
845
What is the greatest common factor of 39099 and 3?
3
What is the greatest common factor of 10 and 1147115?
5
Calculate the highest common divisor of 540770 and 170.
170
Calculate the highest common factor of 573036 and 204.
204
What is the highest common factor of 1392 and 7296?
48
What is the greatest common factor of 685 and 3085?
5
What is the greatest common factor of 651 and 491288?
217
Calculate the greatest common factor of 3828 and 792.
132
What is the greatest common factor of 147456 and 72?
72
What is the highest common factor of 703995 and 60?
15
Calculate the highest common factor of 2095 and 3.
1
Calculate the highest common divisor of 284 and 248.
4
What is the highest common factor of 140 and 2649640?
140
What is the greatest common factor of 2877576 and 104?
104
Calculate the greatest common factor of 368 and 108744.
184
Calculate the greatest common divisor of 1830 and 40748.
122
Calculate the greatest common divisor of 2610 and 30.
30
What is the greatest common divisor of 234094 and 31234?
322
What is the greatest common divisor of 2313 and 3?
3
Calculate the greatest common factor of 10517 and 26.
13
What is the greatest common divisor of 437 and 6486?
23
What is the highest common factor of 1672 and 95?
19
Calculate the highest common factor of 88445 and 133209.
361
What is the highest common divisor of 61 and 91439?
61
Calculate the highest common factor of 70 and 108465.
35
What is the greatest common divisor of 5508230 and 910?
910
What is the highest common factor of 117 and 57663?
9
What is the greatest common divisor of 24272 and 249232?
592
Calculate the highest common divisor of 121360 and 1110.
370
Calculate the highest common divisor of 270511 and 58582.
1723
Calculate the highest common factor of 761475 and 1065.
1065
What is the greatest common divisor of 44924 and 8?
4
Calculate the highest common factor of 375348 and 4.
4
Calculate the greatest common divisor of 2770 and 41273.
277
What is the greatest common divisor of 172 and 23951?
43
What is the greatest common divisor of 24150 and 14628?
138
Calculate the greatest common divisor of 189290 and 460.
230
What is the greatest common divisor of 188461 and 2223?
247
Calculate the highest common divisor of 1530 and 19386.
18
What is the greatest common divisor of 400423 and 179?
179
Calculate the greatest common factor of 6451507 and 4731.
1577
Calculate the greatest common factor of 3224 and 315766.
62
What is the greatest common factor of 23424 and 4128?
96
Calculate the greatest common divisor of 8398 and 47918.
494
Calculate the highest common divisor of 432 and 228.
12
Calculate the highest common divisor of 3795765 and 354.
177
What is the highest common divisor of 30051 and 23814?
567
What is the highest common divisor of 100 and 4450?
50
What is the greatest common divisor of 3373952 and 24768?
2752
What is the highest common divisor of 4096 and 4352?
256
Calculate the highest common factor of 3699 and 2727.
27
Calculate the highest common divisor of 510680 and 5780.
340
Calculate the greatest common divisor of 165468 and 12.
12
Calculate the highest common factor of 570 and 21128.
38
Calculate the greatest common factor of 18297 and 171.
171
What is the highest common divisor of 62742 and 6?
6
What is the greatest common factor of 8643 and 4422?
201
What is the highest common divisor of 9321896 and 664?
664
Calculate the greatest common divisor of 43 and 21399595.
43
Calculate the greatest common factor of 7812 and 4641.
21
Calculate the highest common divisor of 423950 and 417.
139
Calculate the highest common factor of 805568 and 921.
307
What is the greatest common divisor of 91512 and 12?
12
What is the highest common divisor of 12429 and 1611?
9
Calculate the greatest common divisor of 1060 and 4660820.
1060
What is the highest common divisor of 35893 and 429?
143
Calculate the highest common factor of 885845 and 2875.
115
What is the greatest common factor of 969321 and 388?
97
What is the highest common divisor of 65713 and 1?
1
Calculate the greatest common divisor of 18 and 2649.
3
Calculate the highest common divisor of 2663625 and 1500.
375
What is the greatest common divisor of 130029 and 3409?
487
Calculate the greatest common divisor of 2507 and 2599.
23
Calculate the greatest common factor of 227367 and 1134.
567
What is the greatest common divisor of 1214 and 21734242?
1214
What is the greatest common divisor of 12294 and 207?
9
What is the greatest common factor of 16557 and 6?
3
What is the greatest common factor of 123160 and 136?
8
What is the highest common factor of 190720 and 298?
298
Calculate the highest common divisor of 507 and 11193.
39
Calculate the highest common divisor of 144 and 12456.
72
Calculate the highest common factor of 12345 and 15.
15
What is the highest common divisor of 28 and 2211426?
14
Calculate the greatest common factor of 225 and 26280.
45
What is the greatest common factor of 14 and 6989598?
14
Calculate the greatest common factor of 449970 and 10.
10
What is the greatest common divisor of 224 and 9212?
28
What is the greatest common factor of 518631 and 3?
3
What is the highest common divisor of 60 and 133596?
12
What is the greatest common factor of 148 and 5735?
37
What is the highest common divisor of 81308 and 2?
2
What is the greatest common factor of 1088 and 12?
4
What is the greatest common divisor of 18142 and 8878?
386
Calculate the highest common divisor of 215 and 30487.
43
What is the greatest common divisor of 91 and 19817707?
91
Calculate the greatest common factor of 152 and 84284.
76
What is the highest common factor of 3939 and 855672?
303
What is the greatest common factor of 550 and 2350?
50
Calculate the greatest common factor of 10019 and 7052.
43
What is the greatest common factor of 22082 and 9412?
362
What is the highest common factor of 1029534 and 11?
11
What is the greatest common divisor of 693 and 120087?
99
Calculate the highest common divisor of 9362 and 248.
62
What is the greatest common divisor of 30 and 1092990?
30
Calculate the highest common factor of 74053 and 287.
7
What is the highest common divisor of 266 and 23702?
14
Calculate the greatest common divisor of 1613252 and 76.
76
What is the highest common factor of 3 and 73585?
1
What is the greatest common divisor of 14 and 268513?
7
What is the greatest common factor of 2049 and 41663?
683
What is the greatest common factor of 45924 and 4902?
258
Calculate the highest common factor of 48 and 959268.
12
What is the highest common factor of 2169 and 765?
9
Calculate the highest common divisor of 40806 and 576.
18
What is the greatest common divisor of 720 and 8595?
45
What is the greatest common divisor of 10 and 75125?
5
What is the greatest common factor of 238628 and 676?
676
What is the highest common factor of 32830 and 35378?
98
Calculate the highest common divisor of 14941 and 536.
67
Calculate the greatest common factor of 10104 and 5635506.
2526
Calculate the highest common factor of 130 and 155155.
65
What is the greatest common divisor of 52357 and 187719?
1277
What is the highest common factor of 994 and 103518?
142
Calculate the greatest common factor of 38451 and 1281.
21
Calculate the highest common divisor of 277951 and 95.
19
Ca